{"id":14,"date":"2023-11-24T08:26:20","date_gmt":"2023-11-24T07:26:20","guid":{"rendered":"http:\/\/www.hartmannservis.cz\/?page_id=14"},"modified":"2024-05-19T19:29:38","modified_gmt":"2024-05-19T17:29:38","slug":"domu","status":"publish","type":"page","link":"https:\/\/www.hartmannservis.cz\/?page_id=14","title":{"rendered":"Whistleblowing \u2013 ochrana oznamovatel\u016f"},"content":{"rendered":"\n<p>Whistleblowing je situace, kdy pracovn\u00edk nebo b\u00fdval\u00fd pracovn\u00edk organizace upozorn\u00ed na neleg\u00e1ln\u00ed, neetick\u00e9 nebo nelegitimn\u00ed \u010dinnosti uvnit\u0159 t\u00e9to organizace.<\/p>\n\n\n\n<p>Tento jedinec, naz\u00fdvan\u00fd whistleblower, obvykle p\u0159ich\u00e1z\u00ed s informacemi, kter\u00e9 odhaluj\u00ed korupci, podvody, neleg\u00e1ln\u00ed postupy nebo jin\u00e9 nepravosti.<\/p>\n\n\n\n<p>Whistleblowing m\u00e1 podporovat odpov\u011bdnost organizac\u00ed za sv\u00e9 jedn\u00e1n\u00ed.<\/p>\n\n\n\n<p>Transparentnost m\u016f\u017ee v\u00e9st k lep\u0161\u00edmu \u0159\u00edzen\u00ed a k odstran\u011bn\u00ed korupce a neetick\u00fdch postup\u016f.<\/p>\n\n\n\n<p>Poskytujeme ve\u0161ker\u00e9 slu\u017eby t\u00fdkaj\u00edc\u00ed se problematiky Whistleblowingu<\/p>\n","protected":false},"excerpt":{"rendered":"<p>Whistleblowing je situace, kdy pracovn\u00edk nebo b\u00fdval\u00fd pracovn\u00edk organizace upozorn\u00ed na neleg\u00e1ln\u00ed, neetick\u00e9 nebo nelegitimn\u00ed \u010dinnosti uvnit\u0159 t\u00e9to organizace. Tento jedinec, naz\u00fdvan\u00fd whistleblower, obvykle p\u0159ich\u00e1z\u00ed s informacemi, kter\u00e9 odhaluj\u00ed korupci, podvody, neleg\u00e1ln\u00ed postupy nebo jin\u00e9 nepravosti. Whistleblowing m\u00e1 podporovat odpov\u011bdnost organizac\u00ed za sv\u00e9 jedn\u00e1n\u00ed. Transparentnost m\u016f\u017ee v\u00e9st k lep\u0161\u00edmu \u0159\u00edzen\u00ed a k odstran\u011bn\u00ed korupce a &hellip; <\/p>\n<p class=\"link-more\"><a href=\"https:\/\/www.hartmannservis.cz\/?page_id=14\" class=\"more-link\">Pokra\u010dovat ve \u010dten\u00ed<span class=\"screen-reader-text\"> &#8222;Whistleblowing \u2013 ochrana oznamovatel\u016f&#8220;<\/span><\/a><\/p>\n","protected":false},"author":1,"featured_media":470,"parent":0,"menu_order":0,"comment_status":"closed","ping_status":"closed","template":"","meta":{"footnotes":""},"class_list":["post-14","page","type-page","status-publish","has-post-thumbnail","hentry"],"_links":{"self":[{"href":"https:\/\/www.hartmannservis.cz\/index.php?rest_route=\/wp\/v2\/pages\/14","targetHints":{"allow":["GET"]}}],"collection":[{"href":"https:\/\/www.hartmannservis.cz\/index.php?rest_route=\/wp\/v2\/pages"}],"about":[{"href":"https:\/\/www.hartmannservis.cz\/index.php?rest_route=\/wp\/v2\/types\/page"}],"author":[{"embeddable":true,"href":"https:\/\/www.hartmannservis.cz\/index.php?rest_route=\/wp\/v2\/users\/1"}],"replies":[{"embeddable":true,"href":"https:\/\/www.hartmannservis.cz\/index.php?rest_route=%2Fwp%2Fv2%2Fcomments&post=14"}],"version-history":[{"count":10,"href":"https:\/\/www.hartmannservis.cz\/index.php?rest_route=\/wp\/v2\/pages\/14\/revisions"}],"predecessor-version":[{"id":494,"href":"https:\/\/www.hartmannservis.cz\/index.php?rest_route=\/wp\/v2\/pages\/14\/revisions\/494"}],"wp:featuredmedia":[{"embeddable":true,"href":"https:\/\/www.hartmannservis.cz\/index.php?rest_route=\/wp\/v2\/media\/470"}],"wp:attachment":[{"href":"https:\/\/www.hartmannservis.cz\/index.php?rest_route=%2Fwp%2Fv2%2Fmedia&parent=14"}],"curies":[{"name":"wp","href":"https:\/\/api.w.org\/{rel}","templated":true}]}}