{"id":20,"date":"2023-11-24T08:26:21","date_gmt":"2023-11-24T07:26:21","guid":{"rendered":"http:\/\/www.hartmannservis.cz\/?page_id=20"},"modified":"2024-05-19T19:38:24","modified_gmt":"2024-05-19T17:38:24","slug":"terms","status":"publish","type":"page","link":"https:\/\/www.hartmannservis.cz\/?page_id=20","title":{"rendered":"Cookies"},"content":{"rendered":"<p>Cookies jsou mal\u00e9 textov\u00e9 soubory, kter\u00e9 webov\u00e9 str\u00e1nky ukl\u00e1daj\u00ed na v\u00e1\u0161 po\u010d\u00edta\u010d nebo mobiln\u00ed za\u0159\u00edzen\u00ed p\u0159i n\u00e1v\u0161t\u011bv\u011b t\u011bchto str\u00e1nek. Tyto soubory jsou pou\u017e\u00edv\u00e1ny pro r\u016fzn\u00e9 \u00fa\u010dely, v\u010detn\u011b zlep\u0161en\u00ed u\u017eivatelsk\u00e9ho z\u00e1\u017eitku, sledov\u00e1n\u00ed n\u00e1v\u0161t\u011bvnosti webov\u00fdch str\u00e1nek, a personalizace obsahu a reklam.<\/p>\n<p>Jste-li organizace, kter\u00e1 m\u00e1 sv\u00e9 vlastn\u00ed webov\u00e9 str\u00e1nky, jist\u011b v\u00edte, \u017ee existuj\u00ed pom\u011brn\u011b p\u0159\u00edsn\u00e1 pravidla pro u\u017e\u00edv\u00e1n\u00ed tzv. netechnick\u00fdch cookies.<\/p>\n<p>Mal\u00fdm organizac\u00edm r\u00e1di pom\u016f\u017eeme v\u0161e spr\u00e1vn\u011b nastavit, velk\u00fdm korporac\u00edm nab\u00edz\u00edme nejen poradenstv\u00ed, ale i sofistikovan\u00e9 \u0159e\u0161en\u00ed pro pr\u016fb\u011b\u017enou kontrolu.<\/p>\n","protected":false},"excerpt":{"rendered":"<p>Cookies jsou mal\u00e9 textov\u00e9 soubory, kter\u00e9 webov\u00e9 str\u00e1nky ukl\u00e1daj\u00ed na v\u00e1\u0161 po\u010d\u00edta\u010d nebo mobiln\u00ed za\u0159\u00edzen\u00ed p\u0159i n\u00e1v\u0161t\u011bv\u011b t\u011bchto str\u00e1nek. Tyto soubory jsou pou\u017e\u00edv\u00e1ny pro r\u016fzn\u00e9 \u00fa\u010dely, v\u010detn\u011b zlep\u0161en\u00ed u\u017eivatelsk\u00e9ho z\u00e1\u017eitku, sledov\u00e1n\u00ed n\u00e1v\u0161t\u011bvnosti webov\u00fdch str\u00e1nek, a personalizace obsahu a reklam. Jste-li organizace, kter\u00e1 m\u00e1 sv\u00e9 vlastn\u00ed webov\u00e9 str\u00e1nky, jist\u011b v\u00edte, \u017ee existuj\u00ed pom\u011brn\u011b p\u0159\u00edsn\u00e1 pravidla pro &hellip; <\/p>\n<p class=\"link-more\"><a href=\"https:\/\/www.hartmannservis.cz\/?page_id=20\" class=\"more-link\">Pokra\u010dovat ve \u010dten\u00ed<span class=\"screen-reader-text\"> &#8222;Cookies&#8220;<\/span><\/a><\/p>\n","protected":false},"author":1,"featured_media":471,"parent":0,"menu_order":0,"comment_status":"closed","ping_status":"closed","template":"","meta":{"footnotes":""},"class_list":["post-20","page","type-page","status-publish","has-post-thumbnail","hentry"],"_links":{"self":[{"href":"https:\/\/www.hartmannservis.cz\/index.php?rest_route=\/wp\/v2\/pages\/20","targetHints":{"allow":["GET"]}}],"collection":[{"href":"https:\/\/www.hartmannservis.cz\/index.php?rest_route=\/wp\/v2\/pages"}],"about":[{"href":"https:\/\/www.hartmannservis.cz\/index.php?rest_route=\/wp\/v2\/types\/page"}],"author":[{"embeddable":true,"href":"https:\/\/www.hartmannservis.cz\/index.php?rest_route=\/wp\/v2\/users\/1"}],"replies":[{"embeddable":true,"href":"https:\/\/www.hartmannservis.cz\/index.php?rest_route=%2Fwp%2Fv2%2Fcomments&post=20"}],"version-history":[{"count":3,"href":"https:\/\/www.hartmannservis.cz\/index.php?rest_route=\/wp\/v2\/pages\/20\/revisions"}],"predecessor-version":[{"id":498,"href":"https:\/\/www.hartmannservis.cz\/index.php?rest_route=\/wp\/v2\/pages\/20\/revisions\/498"}],"wp:featuredmedia":[{"embeddable":true,"href":"https:\/\/www.hartmannservis.cz\/index.php?rest_route=\/wp\/v2\/media\/471"}],"wp:attachment":[{"href":"https:\/\/www.hartmannservis.cz\/index.php?rest_route=%2Fwp%2Fv2%2Fmedia&parent=20"}],"curies":[{"name":"wp","href":"https:\/\/api.w.org\/{rel}","templated":true}]}}